{"id":63,"date":"2014-11-17T19:57:26","date_gmt":"2014-11-17T18:57:26","guid":{"rendered":"http:\/\/www.bergwelt-oberhof.de\/?page_id=63"},"modified":"2025-11-26T07:01:17","modified_gmt":"2025-11-26T06:01:17","slug":"kontakt","status":"publish","type":"page","link":"https:\/\/www.bergwelt-oberhof.de\/?page_id=63","title":{"rendered":"Kontakt \/ AGB"},"content":{"rendered":"<table style=\"height: 127px;\" width=\"734\">\n<tbody>\n<tr>\n<td>Gesch\u00e4ftsstelle<\/td>\n<td><\/td>\n<\/tr>\n<tr>\n<td style=\"text-align: left;\">Zellaerstrasse 40<br \/>\n\u00d6ffnungszeiten w\u00e4hrend der Saison (ab ca. 20.12.) : 09:00 &#8211; 16:30 Uhr<\/td>\n<td style=\"text-align: right;\"><\/td>\n<\/tr>\n<tr>\n<td>(200m zu Golfwiese\/\u00dcbungswiese ; Einstieg zu Loipen)<\/td>\n<td style=\"text-align: right;\"><\/td>\n<\/tr>\n<tr>\n<td>\u00a098559 Oberhof<\/td>\n<td style=\"text-align: right;\"><\/td>\n<\/tr>\n<tr>\n<td>\u00a0Tel. 0160 &#8211; 8950528 (ab Saisonstart bis M\u00e4rz)<br \/>\nTelefonzeiten ca. 17:00-20:00 Uhr<\/td>\n<td><\/td>\n<\/tr>\n<\/tbody>\n<\/table>\n<p>per E-Mail: <a href=\"mailto:bergwelt-oberhof@web.de\" target=\"_blank\" rel=\"noopener noreferrer\">bergwelt-oberhof@web.de<\/a><\/p>\n<p>ALLGEMEINE GESCH\u00c4FTSBEDINGUNGEN:<\/p>\n<p align=\"center\"><span style=\"font-family: Ubuntu;\"><span style=\"font-size: medium;\"><span style=\"text-decoration: underline;\"><b>B E R G W E L T &#8211; O B E R H O F<\/b><\/span><\/span><\/span><\/p>\n<p align=\"justify\"><span style=\"font-family: Ubuntu;\"><span style=\"font-size: small;\">1. Allgemeines<\/span><\/span><\/p>\n<p align=\"justify\"><span style=\"font-family: Ubuntu;\"><span style=\"font-size: small;\">Soweit nicht ausdr\u00fccklich Gegenteiliges vereinbart wird, gelten f\u00fcr s\u00e4mtliche Gesch\u00e4fte zwischen bergwelt-oberhof und den Kunden unsere AGB. Gegenstand des Unternehmens ist der VermietungsBetrieb von Wintersportausr\u00fcstungen sowie die Vermittlung und Durchf\u00fchrung von Schneesportkursen. Erfasst bei der eigenen Durchf\u00fchrung sind insbesondere Dienstleistungen, wie die Erteilung von Unterricht in den Fertigkeiten und Kenntnissen des Langlaufes, Alpinen Skilaufs, Snowboardens (ohne Garantie eines bestimmten Ausbildungserfolges) sowie das F\u00fchren und Begleiten gef\u00fchrter Touren und touristischer Veranstaltungen.<\/span><\/span><\/p>\n<p align=\"justify\"><span style=\"font-family: Ubuntu;\"><span style=\"font-size: small;\">Im Rahmen der Gesch\u00e4ftsbeziehung werden die erforderlichen personenbezogenen Daten des Kunden erhoben sowie<\/span><\/span><\/p>\n<p align=\"justify\"><span style=\"font-family: Ubuntu;\"><span style=\"font-size: small;\">vor\u00fcbergehend gespeichert und verarbeitet. Eine Weitergabe erfolgt nicht. Die Bedingungen zur Vermietung der Wintersportausr\u00fcstung folgt in unten folgendem separatem Absatz. Zum Kursbetrieb \u2013 Kosten, Unterrichtszeiten und<\/span><\/span><\/p>\n<p align=\"justify\"><span style=\"font-family: Ubuntu;\"><span style=\"font-size: small;\">Gruppengr\u00f6\u00dfen &#8211; wird erg\u00e4nzend auf die Bestimmungen der jeweiligen Saisonpreisliste verwiesen.<\/span><\/span><\/p>\n<p align=\"justify\"><span style=\"font-family: Ubuntu;\"><span style=\"font-size: small;\">2. Vertragsabschlu\u00df<\/span><\/span><\/p>\n<p align=\"justify\"><span style=\"font-family: Ubuntu;\"><span style=\"font-size: small;\">Reservierungen k\u00f6nnen \u00fcber Internet oder Telefonisch durchgef\u00fchrt werden. Sie gelten erst als verbindlich mit schriftlicher Best\u00e4tigung durch Bergwelt Oberhof. Die Angebote sind freibleibend. F\u00fcr die Annahme der Reservierung und den Umfang der Leistung ist ausschlie\u00dflich die schriftliche Auftragsbest\u00e4tigung ma\u00dfgebend. M\u00fcndliche oder telefonisc he Nebenabreden gelten nur bei ausdr\u00fccklicher schriftlicher Best\u00e4tigung.<\/span><\/span><\/p>\n<p align=\"justify\"><span style=\"font-family: Ubuntu;\"><span style=\"font-size: small;\">Alle von uns genannten Preise sind in Euro inklusive der gesetzlichen Umsatzsteuer zu verstehen. Preislisten sind ohne Gew\u00e4hr. F\u00fcr Druckfehler wird nicht gehaftet. Eventuelle Anspr\u00fcche gegen Bergwelt-Oberhof setzen den kompletten Vertragsabschluss per vollst\u00e4ndiger Zahlung vor der gebuchten Leistungserbringung voraus.<\/span><\/span><\/p>\n<p align=\"justify\"><span style=\"font-family: Ubuntu;\"><span style=\"font-size: small;\">3. Zahlungsbedingungen<\/span><\/span><\/p>\n<p align=\"justify\"><span style=\"font-family: Ubuntu;\"><span style=\"font-size: small;\">S\u00e4mtliche Zahlungen sind vor der Leistungserbringung per \u00dcberweisung (Zahlungseingang sp\u00e4testens f\u00fcnf Werktage vor der geplanten Leistungserbringung) oder in bar (unmittelbar vor der Leistungserbringung) zu zahlen. Kartenzahlungen werden nicht akzeptiert.<\/span><\/span><\/p>\n<p align=\"justify\"><span style=\"font-family: Ubuntu;\"><span style=\"font-size: small;\">4. Allgemeine Teilnahmebedingungen &#8211; Wintersportkurse<\/span><\/span><\/p>\n<p align=\"justify\"><span style=\"font-family: Ubuntu;\"><span style=\"font-size: small;\">Der Vertragspartner hat bereits bei Buchung \u00fcber eventuell vorhandene F\u00e4higkeiten und Erfahrungen wahrheitsgem\u00e4\u00df und umfassend aufzukl\u00e4ren. \u00dcber eventuell beeintr\u00e4chtigende Umst\u00e4nde des Gesundheitszustand ist im Vorfeld umfassend aufzukl\u00e4ren. Vor Beginn des Unterrichtes ist durch den Vertragspartner selbst\u00e4ndig eine allgemeine \u00dcberpr\u00fcfung der Ausr\u00fcstung zu veranlassen.<\/span><\/span><\/p>\n<p align=\"justify\"><span style=\"font-family: Ubuntu;\"><span style=\"font-size: small;\">Nichterscheinen des Kursteilnehmers zu den vereinbarten Kurszeiten berechtigt nicht zum Nachholen des vers\u00e4umten Kurses. Unsere Kurs &#8211; Karte versteht sich als Pfandgegenstand f\u00fcr die benannte Kurszeit. Kurse finden bei jeder Witterung statt.<\/span><\/span><\/p>\n<p align=\"justify\"><span style=\"font-family: Ubuntu;\"><span style=\"font-size: small;\">M\u00fcndliche Absprachen haben keine G\u00fcltigkeit. Gruppenunterricht grunds\u00e4tzlich ab 5 Personen, Dauer: 2,5h. Bei geringerer Teilnehmerzahl wird die Kurszeit entsprechend gek\u00fcrzt. Liftpreise, Nutzungsgeb\u00fchren o\u00e4 sind im Kurspreis nicht enthalten. Die Kurs-Teilnahme unter Alkohol- oder Drogeneinfluss berechtigt zur umgehenden Vertragsaufl\u00f6sung. Der Vertragspartner hat den Anweisungen des Lehrpersonals Folge zu leisten. Das Missachten einer Ermahnung berechtigt zur umgehenden Vertragsaufl\u00f6sung. Die Gruppeneinteilung der Kurse erfolgt durch Bergwelt Oberhof. Diese Entscheidung ist zu akzeptieren.<\/span><\/span><\/p>\n<p align=\"justify\"><span style=\"font-family: Ubuntu;\"><span style=\"font-size: small;\">Werden vorgenannte Punkte nicht beachtet oder akzeptiert, erfolgt eine Vertragsaufl\u00f6sung ohne R\u00fcckerstattung des gezahlten Entgelts.<\/span><\/span><\/p>\n<p align=\"justify\"><span style=\"font-family: Ubuntu;\"><span style=\"font-size: small;\">Die Teilnahme am Unterricht erfolgt auf eigene Gefahr. Jegliche Haftung f\u00fcr Unf\u00e4lle, die sich vor, w\u00e4hrend oder nach dem Unterricht ereignen, wird ausgeschlossen. Unfall- &amp; Haftpflichtversicherungen ist Sache der Teilnehmer und wird empfohlen. <\/span><\/span><\/p>\n<p align=\"justify\"><span style=\"font-family: Ubuntu;\"><span style=\"font-size: small;\">R\u00fcckerstattung nur wegen Verletzung oder Krankheit und nur mit \u00e4rztlicher Best\u00e4tigung des ortsans\u00e4ssigen Arztes und nur Differenzbetrag.<\/span><\/span><\/p>\n<p align=\"justify\"><span style=\"font-family: Ubuntu;\"><span style=\"font-size: small;\">5. Allgemeine Mietbedingungen Ausr\u00fcstungs\u201cverleih\u201c<\/span><\/span><\/p>\n<p align=\"justify\"><span style=\"font-family: Ubuntu;\"><span style=\"font-size: small;\">5.1. Die Mietgegenst\u00e4nde bleiben unver\u00e4u\u00dferliches Eigentum des Vermieters.<\/span><\/span><\/p>\n<p align=\"justify\"><span style=\"font-family: Ubuntu;\"><span style=\"font-size: small;\">5.2. Der Mieter haftet f\u00fcr Sch\u00e4den, die mit den Mietsachen verursacht werden und f\u00fcr alle Sch\u00e4den, die nicht durch die<\/span><\/span><\/p>\n<p align=\"justify\"><span style=\"font-family: Ubuntu;\"><span style=\"font-size: small;\">Mietsachenversicherung gedeckt sind, sofern die Versicherung abgeschlossen wurde. (Bedingungen nachstehend)<\/span><\/span><\/p>\n<p align=\"justify\"><span style=\"font-family: Ubuntu;\"><span style=\"font-size: small;\">5.3. Der Mieter haftet bei Unf\u00e4llen und Sch\u00e4den selbst, wenn eigene Ausr\u00fcstungsgegenst\u00e4nde mit verwendet werden,<\/span><\/span><\/p>\n<p align=\"justify\"><span style=\"font-family: Ubuntu;\"><span style=\"font-size: small;\">die nicht der derzeit g\u00fcltigen DIN\/ISO &#8211; Norm entsprechen oder aufgrund von Verschlei\u00df o.\u00e4. zu Fehlfunktionen<\/span><\/span><\/p>\n<p align=\"justify\"><span style=\"font-family: Ubuntu;\"><span style=\"font-size: small;\">f\u00fchren.<\/span><\/span><\/p>\n<p align=\"justify\"><span style=\"font-family: Ubuntu;\"><span style=\"font-size: small;\">5.4. Beanstandungen oder M\u00e4ngelr\u00fcgen m\u00fcssen bei der \u00dcbernahme der Mietgegenst\u00e4nde erfolgen. Sp\u00e4ter<\/span><\/span><\/p>\n<p align=\"justify\"><span style=\"font-family: Ubuntu;\"><span style=\"font-size: small;\">vorgebrachte Einwendungen, Sch\u00e4den seien schon vor der \u00dcbergabe vorhanden gewesen, k\u00f6nnen nicht anerkannt<\/span><\/span><\/p>\n<p align=\"justify\"><span style=\"font-family: Ubuntu;\"><span style=\"font-size: small;\">werden.<\/span><\/span><\/p>\n<p align=\"justify\"><span style=\"font-family: Ubuntu;\"><span style=\"font-size: small;\">5.5. Der Mieter ist nur nur verkehrsbestimmten Nutzung der Mietsachen auf daf\u00fcr vorgesehenem Gel\u00e4nde berechtigt.<\/span><\/span><\/p>\n<p align=\"justify\"><span style=\"font-family: Ubuntu;\"><span style=\"font-size: small;\">Er verpflichtet sich, die Sachen pfleglich und sorgf\u00e4ltig zu behandeln und vor Besch\u00e4digung zu sch\u00fctzen. Zum<\/span><\/span><\/p>\n<p align=\"justify\"><span style=\"font-family: Ubuntu;\"><span style=\"font-size: small;\">Transport und zur Aufbewahrung sind zum Schutz der Mietsache geeignete Bedingungen zu nutzen;<\/span><\/span><\/p>\n<p align=\"justify\"><span style=\"font-family: Ubuntu;\"><span style=\"font-size: small;\">Autogep\u00e4cktr\u00e4ger geh\u00f6ren nicht dazu.<\/span><\/span><\/p>\n<p align=\"justify\"><span style=\"font-family: Ubuntu;\"><span style=\"font-size: small;\">5.6. Treten M\u00e4ngel am Ger\u00e4t auf oder werden Reparaturen notwendig, bitte sofort unsere Gesch\u00e4ftsr\u00e4ume aufsuchen.<\/span><\/span><\/p>\n<p align=\"justify\"><span style=\"font-family: Ubuntu;\"><span style=\"font-size: small;\">5.7. F\u00fcr Unf\u00e4lle, auch wenn sie auf den Mietgegenstand zur\u00fcckzuf\u00fchren sein m\u00f6gen, \u00fcbernehmen wir keine Haftung.<\/span><\/span><\/p>\n<p align=\"justify\"><span style=\"font-family: Ubuntu;\"><span style=\"font-size: small;\">5.8. S\u00e4mtliche Mietgegenst\u00e4nde k\u00f6nnen nur gegen Vorzeigen des Reisepasses, Personalausweises oder gegen Kaution<\/span><\/span><\/p>\n<p align=\"justify\"><span style=\"font-family: Ubuntu;\"><span style=\"font-size: small;\">ausgegeben werden.<\/span><\/span><\/p>\n<p align=\"justify\"><span style=\"font-family: Ubuntu;\"><span style=\"font-size: small;\">5.9. Die Mietsachen d\u00fcrfen vom Mieter nicht weitervermietet werden oder sonstwie an Dritte \u00fcberlassen werden.<\/span><\/span><\/p>\n<p align=\"justify\"><span style=\"font-family: Ubuntu;\"><span style=\"font-size: small;\">5.10. Der Mietvertrag endet bzw. verl\u00e4ngert sich automatisch mit der R\u00fcckgabe der Mietgegenst\u00e4nde. R\u00fcckerstattung<\/span><\/span><\/p>\n<p align=\"justify\"><span style=\"font-family: Ubuntu;\"><span style=\"font-size: small;\">bzw. Nachzahlung nach der g\u00fcltigen Preisliste.<\/span><\/span><\/p>\n<p align=\"justify\"><span style=\"font-family: Ubuntu;\"><span style=\"font-size: small;\">5.11. M\u00fcndliche Absprachen haben keine G\u00fcltigkeit. Erf\u00fcllungsort ist der Wohnort des Vermieters. Gerichtsstand ist<\/span><\/span><\/p>\n<p align=\"justify\"><span style=\"font-family: Ubuntu;\"><span style=\"font-size: small;\">das Amtsgericht Suhl.<\/span><\/span><\/p>\n<p align=\"justify\"><span style=\"font-family: Ubuntu;\"><span style=\"font-size: small;\"><span style=\"text-decoration: underline;\">Allgemeine Versicherungsbedingungen f\u00fcr die Wintersportger\u00e4te-Versicherung : \u201efreiwillige Bruchversicherung\u201c <\/span><\/span><\/span><\/p>\n<p align=\"justify\"><span style=\"font-family: Ubuntu;\"><span style=\"font-size: small;\">\u00a71 Versicherte Sachen<\/span><\/span><\/p>\n<p align=\"justify\"><span style=\"font-family: Ubuntu;\"><span style=\"font-size: small;\">Versichert sind Alpin- und Langlaufski, Snowboard , Monoski, mit den fest verbundenen Teilen ( Bindung, Stopper<\/span><\/span><\/p>\n<p align=\"justify\"><span style=\"font-family: Ubuntu;\"><span style=\"font-size: small;\">usw. ), Skist\u00f6cke, Skischuhe, Rodel und Schneeschuhe, die der Versicherungsnehmer von einem gewerblich<\/span><\/span><\/p>\n<p align=\"justify\"><span style=\"font-family: Ubuntu;\"><span style=\"font-size: small;\">t\u00e4tigem Vermieter (bergwelt-oberhof\u201c ) nachweislich gemietet hat UND die entgeltliche , freiwillige<\/span><\/span><\/p>\n<p align=\"justify\"><span style=\"font-family: Ubuntu;\"><span style=\"font-size: small;\">Bruchversicherung abgeschlossen und bei Abschluss vollst\u00e4ndig beglichen hat..<\/span><\/span><\/p>\n<p align=\"justify\"><span style=\"font-family: Ubuntu;\"><span style=\"font-size: small;\">\u00a7 2 Versicherte Gefahren<\/span><\/span><\/p>\n<p align=\"justify\"><span style=\"font-family: Ubuntu;\"><span style=\"font-size: small;\">Versicherungsschutz besteht w\u00e4hrend des Gebrauchs der Wintersportger\u00e4te einschlie\u00dflich der Pausen im Gel\u00e4nde,<\/span><\/span><\/p>\n<p align=\"justify\"><span style=\"font-family: Ubuntu;\"><span style=\"font-size: small;\">w\u00e4hrend des Aufenthaltes im Wintersportort f\u00fcr unabh\u00e4ngig vom Willen des Versicherungsnehmers pl\u00f6tzlich und<\/span><\/span><\/p>\n<p align=\"justify\"><span style=\"font-family: Ubuntu;\"><span style=\"font-size: small;\">gewaltsam eintretenden Bruch oder Besch\u00e4digung der Mietsache.<\/span><\/span><\/p>\n<p align=\"justify\"><span style=\"font-family: Ubuntu;\"><span style=\"font-size: small;\">\u00a7 3 Ausschl\u00fcsse<\/span><\/span><\/p>\n<p align=\"justify\"><span style=\"font-family: Ubuntu;\"><span style=\"font-size: small;\">1. die \u201efreiwillige Bruchversicherung\u201c greift nicht bei:<\/span><\/span><\/p>\n<p align=\"justify\"><span style=\"font-family: Ubuntu;\"><span style=\"font-size: small;\">a) Verlieren, Liegen- oder Stehenlassen<\/span><\/span><\/p>\n<p align=\"justify\"><span style=\"font-family: Ubuntu;\"><span style=\"font-size: small;\">b) Diebstahl<\/span><\/span><\/p>\n<p align=\"justify\"><span style=\"font-family: Ubuntu;\"><span style=\"font-size: small;\">c) Sch\u00e4den, die beim Skispringen, Skiakrobatik, Skirennen -jeweils einschlie\u00dflich Training- eintreten.<\/span><\/span><\/p>\n<p align=\"justify\"><span style=\"font-family: Ubuntu;\"><span style=\"font-size: small;\">(skischul interne Rennen gelten nicht als Rennlauf)<\/span><\/span><\/p>\n<p align=\"justify\"><span style=\"font-family: Ubuntu;\"><span style=\"font-size: small;\">d) Sch\u00e4den durch falschen Gebrauch, Ungeschicklichkeit oder Bedienungsfehler<\/span><\/span><\/p>\n<p align=\"justify\"><span style=\"font-family: Ubuntu;\"><span style=\"font-size: small;\">e) Sch\u00e4den, die durch den Versicherungsnehmer vors\u00e4tzlich, grob fahrl\u00e4ssig oder zum wiederholten Male <\/span><\/span><\/p>\n<p align=\"justify\"><span style=\"font-family: Ubuntu;\"><span style=\"font-size: small;\">herbeigef\u00fchrt wurden<\/span><\/span><\/p>\n<p align=\"justify\"><span style=\"font-family: Ubuntu;\"><span style=\"font-size: small;\">f) Mietkosten f\u00fcr Wintersportger\u00e4te<\/span><\/span><\/p>\n<p align=\"justify\"><span style=\"font-family: Ubuntu;\"><span style=\"font-size: small;\">2. Ausgeschlossen sind die Gefahren<\/span><\/span><\/p>\n<p align=\"justify\"><span style=\"font-family: Ubuntu;\"><span style=\"font-size: small;\">a) des Krieges, B\u00fcrgerkrieges, kriegs\u00e4hnlicher Ereignisse oder Unruhen<\/span><\/span><\/p>\n<p align=\"justify\"><span style=\"font-family: Ubuntu;\"><span style=\"font-size: small;\">b) Kernenergie<\/span><\/span><\/p>\n<p align=\"justify\"><span style=\"font-family: Ubuntu;\"><span style=\"font-size: small;\">c) Beschlagnahmung, Entziehung oder sonstige Eingriffe von Hoher Hand.<\/span><\/span><\/p>\n<p align=\"justify\"><span style=\"font-family: Ubuntu;\"><span style=\"font-size: small;\">\u00a7 4 Beginn und Ende der Haftung<\/span><\/span><\/p>\n<p align=\"justify\"><span style=\"font-family: Ubuntu;\"><span style=\"font-size: small;\">Der Versicherungsschutz beginnt mit der \u00dcbergabe der Mietsache und der Leistung des Versicherungsbeitrages<\/span><\/span><\/p>\n<p align=\"justify\"><span style=\"font-family: Ubuntu;\"><span style=\"font-size: small;\">und endet mit der R\u00fcckgabe an den Vermieter.<\/span><\/span><\/p>\n<p align=\"justify\"><span style=\"font-family: Ubuntu;\"><span style=\"font-size: small;\">\u00a75 Ersatzleistung<\/span><\/span><\/p>\n<p align=\"justify\"><span style=\"font-family: Ubuntu;\"><span style=\"font-size: small;\">Bei Bruch oder Besch\u00e4digung wird kostenloser Ersatz geleistet. Falls zur Zeit keine Leihausr\u00fcstung vorhanden sein<\/span><\/span><\/p>\n<p align=\"justify\"><span style=\"font-family: Ubuntu;\"><span style=\"font-size: small;\">sollte, wird die restliche Mietgeb\u00fchr zur\u00fcckerstattet.<\/span><\/span><\/p>\n<p align=\"justify\"><span style=\"font-family: Ubuntu;\"><span style=\"font-size: small;\">6. Haftungsbestimmungen:<\/span><\/span><\/p>\n<p align=\"justify\"><span style=\"font-family: Ubuntu;\"><span style=\"font-size: small;\">Bergwelt-Oberhof haftet grunds\u00e4tzlich im Rahmen der gesetzlichen Bestimmungen ausschlie\u00dflich f\u00fcr Sch\u00e4den, welche direkt mit der Leih- und Unterrichtst\u00e4tigkeit in Zusammenhang stehen und die vors\u00e4tzlich oder grob fahrl\u00e4ssig<\/span><\/span><\/p>\n<p align=\"justify\"><span style=\"font-family: Ubuntu;\"><span style=\"font-size: small;\">herbeigef\u00fchrt wurden. Eine entsprechende Haftpflichtversicherung besteht.<\/span><\/span><\/p>\n<p align=\"justify\"><span style=\"font-family: Ubuntu;\"><span style=\"font-size: small;\">7 . Gew\u00e4hrleistung:<\/span><\/span><\/p>\n<p align=\"justify\"><span style=\"font-family: Ubuntu;\"><span style=\"font-size: small;\">Der Vertragspartner hat Reklamationen unverz\u00fcglich und vor Ort bekanntzugeben, um f\u00fcr Abhilfe zu sorgen. Bei<\/span><\/span><\/p>\n<p align=\"justify\"><span style=\"font-family: Ubuntu;\"><span style=\"font-size: small;\">Nichtanzeigen besteht kein Anspruch auf Minderung des Entgelts. Eventuelle Anspr\u00fcche sind sp\u00e4testens 4 Wochen nach Entstehen schriftlich geltend zu machen und zu begr\u00fcnden.<\/span><\/span><\/p>\n<p align=\"justify\"><span style=\"font-family: Ubuntu;\"><span style=\"font-size: small;\">8. R\u00fccktritt von der Buchung &#8211; Beitragserstattung<\/span><\/span><\/p>\n<p align=\"justify\"><span style=\"font-family: Ubuntu;\"><span style=\"font-size: small;\">Ein R\u00fccktritt vom Vertrag ist bis sp\u00e4testens 12 Uhr des Vortages ohne Anfall einer Stornogeb\u00fchr m\u00f6glich. Erfolgt die<\/span><\/span><\/p>\n<p align=\"justify\"><span style=\"font-family: Ubuntu;\"><span style=\"font-size: small;\">Stornierung hingegen erst zu einem sp\u00e4teren Zeitpunkt, so berechtigt dies zur Einbehaltung bzw. Forderung von 30% der Gesamtsumme. Eine vollst\u00e4ndige R\u00fcckerstattung bereits erbrachter Zahlungen erfolgt nur bei Unfall, unter Vorlage des Originalbeleges und mit \u00e4rztlichem Attest des ortsans\u00e4ssigen Arztes. Die R\u00fcckerstattung erfolgt abzgl bereits erbrachter Leistungen. Kursausf\u00e4lle wegen witterungsbedingter Einfl\u00fcsse (h\u00f6here Gewalt) werden grunds\u00e4tzlich nicht ersetzt.<\/span><\/span><\/p>\n<p align=\"justify\"><span style=\"font-family: Ubuntu;\"><span style=\"font-size: small;\">9. Erf\u00fcllungsort : D-98559 Oberhof<\/span><\/span><\/p>\n<p align=\"justify\"><span style=\"font-family: Ubuntu;\"><span style=\"font-size: small;\">10. Gerichtsstand<\/span><\/span><\/p>\n<p align=\"justify\"><span style=\"font-family: Ubuntu;\"><span style=\"font-size: small;\">Zur Entscheidung entstehender Streitigkeiten ist ausschlie\u00dflich das am Gesch\u00e4ftsitz der Bergwelt-Oberhof zust\u00e4ndige<\/span><\/span><\/p>\n<p align=\"justify\"><span style=\"font-family: Ubuntu;\"><span style=\"font-size: small;\">Gericht beizuziehen. &#8211; Amtsgericht Suhl.<\/span><\/span><\/p>\n<p align=\"justify\"><span style=\"font-family: Ubuntu;\"><span style=\"font-size: small;\">11. Rechtswirksamkeit<\/span><\/span><\/p>\n<p align=\"justify\"><span style=\"font-family: Ubuntu;\"><span style=\"font-size: small;\">Sollten einzelne Bestimmungen dieser Gesch\u00e4ftsbedingungen unwirksam sein, so ber\u00fchrt dies die Wirksamkeit der \u00fcbrigen Bestimmungen und die des gesamten Rechtsgesch\u00e4ftes nicht. Die unwirksame Bedingung ist durch eine solche zu ersetzen, die der unwirksamen Bedingung wirtschaftlich am n\u00e4chsten kommt.<\/span><\/span><\/p>\n<p align=\"justify\"><span style=\"font-family: Ubuntu;\"><span style=\"font-size: small;\">BERGWELT \u2013 OBERHOF<br \/>\n<\/span><\/span><span style=\"font-family: Ubuntu;\"><span style=\"font-size: small;\">Bj\u00f6rn Werner<\/span><\/span><\/p>\n<p align=\"justify\"><span style=\"font-family: Ubuntu;\"><span style=\"font-size: small;\">Gesch\u00e4ftssitz:<br \/>\n<\/span><\/span><span style=\"font-family: Ubuntu;\"><span style=\"font-size: small;\">M\u00fchlbergstrasse 39, 98529 Suhl- Albrechts<\/span><\/span><\/p>\n<p align=\"justify\"><span style=\"font-family: Ubuntu;\"><span style=\"font-size: small;\">mail. bergwelt-oberhof@web.de \/<br \/>\n<\/span><\/span><\/p>\n<p align=\"justify\"><span style=\"font-family: Ubuntu;\"><span style=\"font-size: small;\">Zweigstellen \/ Gesch\u00e4ftsstellen:<br \/>\n<\/span><\/span><span style=\"font-family: Ubuntu;\"><span style=\"font-size: small;\">Zellaer-Strasse 40<br \/>\n<\/span><\/span><span style=\"font-family: Ubuntu;\"><span style=\"font-size: small;\">98559 Oberhof<\/span><\/span><\/p>\n","protected":false},"excerpt":{"rendered":"<p>Gesch\u00e4ftsstelle Zellaerstrasse 40 \u00d6ffnungszeiten w\u00e4hrend der Saison (ab ca. 20.12.) : 09:00 &#8211; 16:30 Uhr (200m zu Golfwiese\/\u00dcbungswiese ; Einstieg zu Loipen) \u00a098559 Oberhof \u00a0Tel. 0160 &#8211; 8950528 (ab Saisonstart bis M\u00e4rz) Telefonzeiten ca. 17:00-20:00 Uhr per E-Mail: bergwelt-oberhof@web.de ALLGEMEINE GESCH\u00c4FTSBEDINGUNGEN: B E R G W E L T &#8211; O B E R H [&hellip;]<\/p>\n","protected":false},"author":1,"featured_media":0,"parent":0,"menu_order":7,"comment_status":"closed","ping_status":"open","template":"","meta":[],"_links":{"self":[{"href":"https:\/\/www.bergwelt-oberhof.de\/index.php?rest_route=\/wp\/v2\/pages\/63"}],"collection":[{"href":"https:\/\/www.bergwelt-oberhof.de\/index.php?rest_route=\/wp\/v2\/pages"}],"about":[{"href":"https:\/\/www.bergwelt-oberhof.de\/index.php?rest_route=\/wp\/v2\/types\/page"}],"author":[{"embeddable":true,"href":"https:\/\/www.bergwelt-oberhof.de\/index.php?rest_route=\/wp\/v2\/users\/1"}],"replies":[{"embeddable":true,"href":"https:\/\/www.bergwelt-oberhof.de\/index.php?rest_route=%2Fwp%2Fv2%2Fcomments&post=63"}],"version-history":[{"count":36,"href":"https:\/\/www.bergwelt-oberhof.de\/index.php?rest_route=\/wp\/v2\/pages\/63\/revisions"}],"predecessor-version":[{"id":658,"href":"https:\/\/www.bergwelt-oberhof.de\/index.php?rest_route=\/wp\/v2\/pages\/63\/revisions\/658"}],"wp:attachment":[{"href":"https:\/\/www.bergwelt-oberhof.de\/index.php?rest_route=%2Fwp%2Fv2%2Fmedia&parent=63"}],"curies":[{"name":"wp","href":"https:\/\/api.w.org\/{rel}","templated":true}]}}